{"id":2402,"date":"2022-12-05T16:10:41","date_gmt":"2022-12-05T15:10:41","guid":{"rendered":"https:\/\/vincentrillardon.com\/index.php\/produit\/hoodie-with-logo-2\/#"},"modified":"2022-12-08T16:20:06","modified_gmt":"2022-12-08T15:20:06","slug":"hoodie-with-logo-2","status":"publish","type":"product","link":"https:\/\/vincentrillardon.com\/index.php\/produit\/hoodie-with-logo-2\/#","title":{"rendered":"Plateau de Durbise &#8211; Sancy (47.5 X 22.5 cm)"},"content":{"rendered":"","protected":false},"excerpt":{"rendered":"<table width=\"294\">\n<tbody>\n<tr>\n<td width=\"294\">\n<table width=\"294\">\n<tbody>\n<tr>\n<td width=\"294\">Cette photographie du plateau de Durbise dans le Massif du Sancy, pr\u00e8s du Col du Cuzeau, est tir\u00e9e sur un papier d&rsquo;art aquarelle Hahnem\u00fchle Torchon, contrecoll\u00e9 sur un support rigide, avec une accroche murale au dos. Le tirage est limit\u00e9 \u00e0 5 exemplaires, num\u00e9rot\u00e9s et sign\u00e9s.<\/td>\n<\/tr>\n<\/tbody>\n<\/table>\n<\/td>\n<\/tr>\n<\/tbody>\n<\/table>\n","protected":false},"featured_media":624,"template":"","meta":{"_monsterinsights_skip_tracking":false,"_monsterinsights_sitenote_active":false,"_monsterinsights_sitenote_note":"","_monsterinsights_sitenote_category":0,"ngg_post_thumbnail":0},"product_cat":[285,309],"product_tag":[],"aioseo_notices":[],"jetpack_sharing_enabled":true,"_links":{"self":[{"href":"https:\/\/vincentrillardon.com\/index.php\/wp-json\/wp\/v2\/product\/2402"}],"collection":[{"href":"https:\/\/vincentrillardon.com\/index.php\/wp-json\/wp\/v2\/product"}],"about":[{"href":"https:\/\/vincentrillardon.com\/index.php\/wp-json\/wp\/v2\/types\/product"}],"wp:featuredmedia":[{"embeddable":true,"href":"https:\/\/vincentrillardon.com\/index.php\/wp-json\/wp\/v2\/media\/624"}],"wp:attachment":[{"href":"https:\/\/vincentrillardon.com\/index.php\/wp-json\/wp\/v2\/media?parent=2402"}],"wp:term":[{"taxonomy":"product_cat","embeddable":true,"href":"https:\/\/vincentrillardon.com\/index.php\/wp-json\/wp\/v2\/product_cat?post=2402"},{"taxonomy":"product_tag","embeddable":true,"href":"https:\/\/vincentrillardon.com\/index.php\/wp-json\/wp\/v2\/product_tag?post=2402"}],"curies":[{"name":"wp","href":"https:\/\/api.w.org\/{rel}","templated":true}]}}