{"id":2417,"date":"2022-12-07T17:05:15","date_gmt":"2022-12-07T16:05:15","guid":{"rendered":"https:\/\/vincentrillardon.com\/?post_type=product&#038;p=2417#"},"modified":"2022-12-08T16:17:21","modified_gmt":"2022-12-08T15:17:21","slug":"tirage-le-chemin-sur-papier-aquarelle-a4-cadre","status":"publish","type":"product","link":"https:\/\/vincentrillardon.com\/index.php\/produit\/tirage-le-chemin-sur-papier-aquarelle-a4-cadre\/#","title":{"rendered":"Tirage \u00ab\u00a0Le Chemin\u00a0\u00bb sur papier aquarelle A4 + cadre"},"content":{"rendered":"","protected":false},"excerpt":{"rendered":"<table width=\"294\">\n<tbody>\n<tr>\n<td width=\"294\">\n<table width=\"294\">\n<tbody>\n<tr>\n<td width=\"294\">Cette photographie d&rsquo;un chemin de la Vall\u00e9e de Chaudefour est tir\u00e9e sur un papier d&rsquo;art de type aquarelle Hahnem\u00fchle Torchon. Le tirage est limit\u00e9 \u00e0 5 exemplaires, num\u00e9rot\u00e9s et sign\u00e9s. La photographie est tir\u00e9e au format A4 (21 X 29.7 cm), dans un cadre noir 42.5 X 32.5 cm, avec passe-partout.<\/td>\n<\/tr>\n<\/tbody>\n<\/table>\n<\/td>\n<\/tr>\n<\/tbody>\n<\/table>\n","protected":false},"featured_media":671,"template":"","meta":{"_monsterinsights_skip_tracking":false,"_monsterinsights_sitenote_active":false,"_monsterinsights_sitenote_note":"","_monsterinsights_sitenote_category":0,"ngg_post_thumbnail":0},"product_cat":[288,309],"product_tag":[],"aioseo_notices":[],"jetpack_sharing_enabled":true,"_links":{"self":[{"href":"https:\/\/vincentrillardon.com\/index.php\/wp-json\/wp\/v2\/product\/2417"}],"collection":[{"href":"https:\/\/vincentrillardon.com\/index.php\/wp-json\/wp\/v2\/product"}],"about":[{"href":"https:\/\/vincentrillardon.com\/index.php\/wp-json\/wp\/v2\/types\/product"}],"wp:featuredmedia":[{"embeddable":true,"href":"https:\/\/vincentrillardon.com\/index.php\/wp-json\/wp\/v2\/media\/671"}],"wp:attachment":[{"href":"https:\/\/vincentrillardon.com\/index.php\/wp-json\/wp\/v2\/media?parent=2417"}],"wp:term":[{"taxonomy":"product_cat","embeddable":true,"href":"https:\/\/vincentrillardon.com\/index.php\/wp-json\/wp\/v2\/product_cat?post=2417"},{"taxonomy":"product_tag","embeddable":true,"href":"https:\/\/vincentrillardon.com\/index.php\/wp-json\/wp\/v2\/product_tag?post=2417"}],"curies":[{"name":"wp","href":"https:\/\/api.w.org\/{rel}","templated":true}]}}