{"id":2418,"date":"2022-12-07T17:03:26","date_gmt":"2022-12-07T16:03:26","guid":{"rendered":"https:\/\/vincentrillardon.com\/?post_type=product&#038;p=2418#"},"modified":"2022-12-08T16:17:39","modified_gmt":"2022-12-08T15:17:39","slug":"tirage-le-chemin-sur-papier-aquarelle-grand-format","status":"publish","type":"product","link":"https:\/\/vincentrillardon.com\/index.php\/produit\/tirage-le-chemin-sur-papier-aquarelle-grand-format\/#","title":{"rendered":"Tirage \u00ab\u00a0Le Chemin\u00a0\u00bb sur papier aquarelle grand format"},"content":{"rendered":"","protected":false},"excerpt":{"rendered":"<table width=\"294\">\n<tbody>\n<tr>\n<td width=\"294\">Cette photographie d&rsquo;un chemin de la Vall\u00e9e de Chaudefour est tir\u00e9e sur un papier d&rsquo;art de type aquarelle Hahnem\u00fchle Torchon. Le tirage est limit\u00e9 \u00e0 5 exemplaires, num\u00e9rot\u00e9s et sign\u00e9s. La photographie est contrecoll\u00e9e sur une plaque rigide de Dibond 3mm (47.3 X 31.9 cm), avec une attache-murale au dos.<\/td>\n<\/tr>\n<\/tbody>\n<\/table>\n","protected":false},"featured_media":671,"template":"","meta":{"_monsterinsights_skip_tracking":false,"_monsterinsights_sitenote_active":false,"_monsterinsights_sitenote_note":"","_monsterinsights_sitenote_category":0,"ngg_post_thumbnail":0},"product_cat":[288,309],"product_tag":[],"aioseo_notices":[],"jetpack_sharing_enabled":true,"_links":{"self":[{"href":"https:\/\/vincentrillardon.com\/index.php\/wp-json\/wp\/v2\/product\/2418"}],"collection":[{"href":"https:\/\/vincentrillardon.com\/index.php\/wp-json\/wp\/v2\/product"}],"about":[{"href":"https:\/\/vincentrillardon.com\/index.php\/wp-json\/wp\/v2\/types\/product"}],"wp:featuredmedia":[{"embeddable":true,"href":"https:\/\/vincentrillardon.com\/index.php\/wp-json\/wp\/v2\/media\/671"}],"wp:attachment":[{"href":"https:\/\/vincentrillardon.com\/index.php\/wp-json\/wp\/v2\/media?parent=2418"}],"wp:term":[{"taxonomy":"product_cat","embeddable":true,"href":"https:\/\/vincentrillardon.com\/index.php\/wp-json\/wp\/v2\/product_cat?post=2418"},{"taxonomy":"product_tag","embeddable":true,"href":"https:\/\/vincentrillardon.com\/index.php\/wp-json\/wp\/v2\/product_tag?post=2418"}],"curies":[{"name":"wp","href":"https:\/\/api.w.org\/{rel}","templated":true}]}}