{"id":2493,"date":"2022-12-15T15:32:32","date_gmt":"2022-12-15T14:32:32","guid":{"rendered":"https:\/\/vincentrillardon.com\/?post_type=product&#038;p=2493#"},"modified":"2022-12-15T15:32:32","modified_gmt":"2022-12-15T14:32:32","slug":"coquelicot-45-x-31-cm","status":"publish","type":"product","link":"https:\/\/vincentrillardon.com\/index.php\/produit\/coquelicot-45-x-31-cm\/#","title":{"rendered":"Coquelicot (45 X 31 cm)"},"content":{"rendered":"","protected":false},"excerpt":{"rendered":"<p><span class=\"x8t9es0 x1fvot60 xo1l8bm xxio538 x108nfp6 xq9mrsl x1mzt3pk x1vvkbs x13faqbe xeuugli\">Cette photographie d\u2019un coquelicot est tir\u00e9e sur un papier d&rsquo;art de type aquarelle Hahnem\u00fchle Torchon. La photographie est contrecoll\u00e9e sur une plaque rigide de Dibond 3mm, avec une attache-murale au dos.<\/span><\/p>\n","protected":false},"featured_media":639,"template":"","meta":{"_monsterinsights_skip_tracking":false,"_monsterinsights_sitenote_active":false,"_monsterinsights_sitenote_note":"","_monsterinsights_sitenote_category":0,"ngg_post_thumbnail":0},"product_cat":[285],"product_tag":[],"aioseo_notices":[],"jetpack_sharing_enabled":true,"_links":{"self":[{"href":"https:\/\/vincentrillardon.com\/index.php\/wp-json\/wp\/v2\/product\/2493"}],"collection":[{"href":"https:\/\/vincentrillardon.com\/index.php\/wp-json\/wp\/v2\/product"}],"about":[{"href":"https:\/\/vincentrillardon.com\/index.php\/wp-json\/wp\/v2\/types\/product"}],"wp:featuredmedia":[{"embeddable":true,"href":"https:\/\/vincentrillardon.com\/index.php\/wp-json\/wp\/v2\/media\/639"}],"wp:attachment":[{"href":"https:\/\/vincentrillardon.com\/index.php\/wp-json\/wp\/v2\/media?parent=2493"}],"wp:term":[{"taxonomy":"product_cat","embeddable":true,"href":"https:\/\/vincentrillardon.com\/index.php\/wp-json\/wp\/v2\/product_cat?post=2493"},{"taxonomy":"product_tag","embeddable":true,"href":"https:\/\/vincentrillardon.com\/index.php\/wp-json\/wp\/v2\/product_tag?post=2493"}],"curies":[{"name":"wp","href":"https:\/\/api.w.org\/{rel}","templated":true}]}}